 -5*l = -d. Suppose -3*i + s + 964 = c, -3*i + 2*i + 325 = -4*s. Is i prime?
False
Suppose 4*f - 4 = 4. Suppose f*o - 2955 = -o. Is o a composite number?
True
Let g(q) = -q**3 - 11*q**2 + 14*q + 26. Let d be g(-12). Suppose -2 = b - 6, -b + 322 = d*a. Is a a prime number?
False
Suppose 3*s = 4874 - 641. Is s a prime number?
False
Let s be 3/18*3*12/2. Suppose s*o + 809 = g, -238 = -g - 5*o + 539. Is g a prime number?
True
Suppose -4*z + 2*l + 18742 = 0, -z - 12*l = -9*l - 4682. Is z prime?
False
Suppose 3*a - 14933 = 2*c + 1944, 0 = -5*a - c + 28111. Is a a prime number?
True
Suppose -15*q + 1806 = -1059. Is q a composite number?
False
Suppose 3978 = -d - 5*d. Is d/(-1) - (12 + -16) a composite number?
True
Suppose 2*q - 6*q + 12 = 0, q = 3*d - 22062. Is d composite?
True
Let m(o) = o**2 + 11*o + 11. Let y be m(-9). Let f = y + 9. Suppose 65 = f*i - 9. Is i prime?
True
Let g(b) = -3676*b**3 - b**2 - 2*b - 1. Is g(-2) a composite number?
True
Suppose 0 = 7*h - 205299 - 56060. Is h prime?
True
Suppose 2*u = 2 + 8. Let v(w) be the first derivative of 2*w**3/3 + 3*w - 29. Is v(u) composite?
False
Suppose 3*u = 11*u - 16. Is u + (-8)/4 + 1117 a prime number?
True
Let q(a) be the second derivative of a**4/12 - 5*a**3/3 + 13*a**2/2 - 4*a. Let k be q(9). Suppose 3*r = 5*y - r - 821, 4*y - k*r = 660. Is y prime?
False
Let d(l) = -1137*l**2 - 14*l. Let s(g) = -379*g**2 - 5*g. Let c(u) = -3*d(u) + 8*s(u). Is c(1) a composite number?
True
Suppose 0 = -4*c - 4*q + 1420, -2*c + 3*q + 2*q = -689. Suppose 150 = 5*v - 355. Suppose h + v = c. Is h a composite number?
False
Let m = 776 + 684. Let v = m + -952. Let p = v + -249. Is p prime?
False
Suppose -4*c + 1010 = -2178. Is c prime?
True
Let m(l) = -15*l**2 + 3*l - 5. Let r be m(4). Is (10 + r)/((-1)/7) prime?
False
Suppose 3 = -z - 1. Let v be ((-27)/(-6))/(3/z). Is (-1984)/(-10) - v/10 a composite number?
False
Let a = 99 + -102. Is 1/a + (-10412)/(-6) prime?
False
Is 149/(1 + -2 + 2) composite?
False
Let a be (-42)/1*14/(-21). Let n be 1/((-1)/1) - -230. Let s = a + n. Is s prime?
True
Let a = -1181 - -3010. Is a a composite number?
True
Suppose 2*c - 534 = -144. Suppose 0 = -0*o + 5*o + c. Let j = -20 - o. Is j a composite number?
False
Let m(y) = 486*y**3 + 6*y**2 - 9*y + 8. Is m(3) prime?
False
Let c(v) = -95*v - 6. Let o be (4/6)/(2/(-15)). Is c(o) composite?
True
Let n = -7 + 10. Suppose 0*r = -n*r + 1563. Is r composite?
False
Let z = 411 - 52. Suppose 3*g - 1101 = 6*p - 3*p, g = 3*p + z. Is g a prime number?
False
Suppose -6*n = -5*n - 2*l - 4393, 2*l - 13171 = -3*n. Is n a composite number?
False
Suppose 0*n - n - 188 = -5*i, n = 3*i - 178. Let g be 1*n*(-2 + 1). Suppose 4*b + 15 = g. Is b a prime number?
True
Suppose 6*i + v = i + 10503, 3*i + 3*v - 6297 = 0. Is i a composite number?
True
Let i = -212 - -1945. Let k = -982 + i. Is k prime?
True
Suppose 0 = 6*v - 167211 - 28011. Is v a prime number?
True
Let s(w) = 3*w - 25. Let p be s(10). Suppose 7 + 8 = -p*x. Is 74 + -1 - (x - 1) prime?
False
Let y be 192/(0 - -3)*3. Let w = y + -18. Let k = 467 - w. Is k a prime number?
True
Suppose 2*l + 3*k = 343, 5*l - 136 = -2*k + 749. Suppose z - l - 228 = 0. Is z a composite number?
True
Let l(k) = 164*k - 37. Let w be l(13). Suppose -3*p + 6418 = w. Is p a prime number?
False
Let n(s) = 15*s**2 - 9*s + 5. Let w(v) = -45*v**2 + 26*v - 15. Let g = 26 - 43. Let i(y) = g*n(y) - 6*w(y). Is i(4) composite?
False
Suppose 0 = 4*m + 35358 - 10818. Let c be m/(-35) + (-4)/14. Suppose -i + 78 = a, -3*i + c + 58 = 4*a. Is i prime?
True
Suppose 0 = -q, -2457 + 7687 = 5*b - 3*q. Is b a prime number?
False
Let y be 13/39 + 94/6. Suppose 3*b + 90 = 5*x, 0*x + b = x - y. Is (-2319)/(-7) - 6/x composite?
False
Let v(h) = -h**2 + 5*h. Let w be v(4). Suppose 741 = w*c - 271. Let q = 444 - c. Is q a prime number?
True
Suppose 0 = -3*t - 2*a - 8, -3*t + 0*a + 8 = -2*a. Suppose t = 2*m + 3*m - 5*q, 6 = 2*m + q. Suppose -24 = -m*g - 2. Is g composite?
False
Suppose 5*y = 4*b + 2063, 2*b - 10 = -4*y + 1630. Let t = y + -35. Suppose -3*o + 2*v + 563 = 0, -2*v - t = -3*o + o. Is o prime?
False
Suppose 4*l + 0*r = 2*r + 1046, -l + 257 = 4*r. Suppose 5*c - 33 = -b, -4*b - b - c + l = 0. Is b prime?
True
Suppose -y = -h - 6028 - 29, 18169 = 3*y - 5*h. Suppose 0 = 5*t - 187 - y. Is t composite?
False
Let z be (-2 - 664/(-12))*93. Suppose -6*x = 1738 - z. Is x composite?
True
Let t be 2140/(-8)*4 - -1. Let j = t + 4075. Suppose 2*l = -0*k + 5*k + 2009, -3*l + 5*k + j = 0. Is l composite?
False
Suppose 2*f - 8262 = -3*f + 4*n, 2*f = -2*n + 3312. Let s = f + -811. Is s a composite number?
True
Let f = 11 + -22. Let j = f - -15. Suppose j*g - 3518 = b + b, 4*g - 3493 = -3*b. Is g prime?
True
Let b(n) = 296*n**2 - 3*n - 5. Let w be b(-2). Let v = w - 812. Is v prime?
True
Let q be (-4)/(-2) - (0 + -2). Let c = -7 + q. Is (c + 81)/(-2 - -4) prime?
False
Suppose z + 10347 = 5*l - z, 4*l = -3*z + 8296. Suppose -2*t - 4*y - 4112 = -6*t, 2*t + 3*y - l = 0. Is t composite?
False
Let t(z) = 16*z**2 - 4*z + 4. Let r(w) = -16*w**2 + 4*w - 3. Let x(m) = -3*r(m) - 2*t(m). Suppose -277*i + 276*i + 5 = 0. Is x(i) prime?
False
Let w(s) = -16*s**3 + s. Let l be w(1). Is (-6)/l + 14904/40 composite?
False
Let u(r) = -4*r**3 - 3*r - 9. Let t be u(-8). Let a = 3214 - t. Is a a composite number?
False
Let q = 21 + -17. Let s = q + -8. Is 1 + (-66*4)/s composite?
False
Let f = 5041 - 3600. Is f composite?
True
Let s(x) = 15*x**2 + 306*x + 5. Is s(82) prime?
False
Is 6/(-4)*-8 + 2593 a composite number?
True
Suppose 0 = 5*q - 2*q + 4*r - 8817, 5*r = -4*q + 11756. Is q a prime number?
True
Let i(t) = 21*t**2 - 52*t + 166. Is i(35) composite?
False
Is 1/(-5) + 1 - (-659715)/2575 prime?
True
Suppose 0 = -14*h + 11*h + 27. Is 469/49 + h/21 a prime number?
False
Let g(v) = v**3 + 2*v + 187. Let w be (2/4*0)/(-22 - -20). Is g(w) a composite number?
True
Is 774246/14 + 100/(-350) a prime number?
False
Suppose -y - 2 = -5*s - 0, 4*y = -2*s + 36. Suppose -468 = -y*z + 68. Is z composite?
False
Let c = 31 + -44. Let a(m) be the third derivative of -13*m**4/24 - m**3 + 20*m**2. Is a(c) a prime number?
True
Let x = 1613 - 418. Is x a prime number?
False
Let f = -350 - -525. Suppose f = 4*q + x, 2*x = 2*q - 19 - 61. Is q a prime number?
True
Let n be (-6)/3*(-4)/(-3 + -1). Let r(v) = -v**3 + 11*v**2 + 14*v - 12. Let p be r(12). Is ((-3556)/p)/(n/6) prime?
False
Suppose 1652 = 5*x - r - 4748, -5*r = 5*x - 6370. Let i = x - 192. Is i a composite number?
False
Let l(b) = 13*b + 6. Let s be l(-4). Let j = s - -91. Is ((-4)/2)/(-2) + j composite?
True
Suppose 17*l - 52*l + 1179185 = 0. Is l a prime number?
False
Is ((-2)/3)/((-4)/31782) a prime number?
True
Suppose 0 = -4*v - 5*g + 33, 4*v - 28 = -0*v - 4*g. Let m = v - -89. Is m composite?
True
Suppose 3*x + 21*x = 856392. Suppose 15*t + 2*t - x = 0. Is t a composite number?
False
Let a be (5 - 95/15)/((-1)/(-9)). Let x = 367 - a. Is x composite?
False
Suppose -o = 3*d + 5, -5*d = -o + 2*o + 5. Suppose 2*g - 1952 - 1418 = d. Is g a prime number?
False
Suppose 0 = 3*g + v - 15062, 0 = 4*v + 15 + 1. Suppose -2*s = -4, -3*o + 2*s + g - 436 = 0. Is 1/(-1) + o/6 a composite number?
True
Suppose -266774 = -79*v + 291203. Is v a composite number?
True
Let s = -345 - -139. Let j be 3/(204/s - -1). Let n = 688 - j. Is n prime?
True
Let h(r) = 2*r**3 - 39*r**2 + 19*r + 4. Let i be h(19). Suppose -2*b + 3*o + 1346 = 0, 2*b + i*o - 651 = b. Is b a composite number?
True
Suppose -3*i = -2*b + 10, -2*b - 8 = -b + 5*i. Suppose 0 = -6*r + b*r + 25148. Suppose g = -4*g + 4*j + r, -g + 5*j = -1249. Is g a composite number?
False
Let b(d) = -26*d**3 + d**2 + 2*d - 5. Let t(a) = -27*a**3 + 2*a**2 + a - 6. Let o(j) = -3*b(j) + 2*t(j). Let v be o(2). Suppose 3*m - v = 2*m. Is m prime?
True
Is 6 - -18053 - -6 - 7 a composite number?
True
Let a(w) = -6*w + w + 16*w - 2. Let u be a(-5). Is (-33839)/u - 2/3 composite?
False
Let x(f) = 5*f**3 - 2*f**2 + 9*f - 5. Let q be x(4). Suppose 7*c = 8*c - q. Is c prime?
False
Let n(g) = g**2 - 4*g - 3. Let k be n(5). Let m(z) = -2 + 9*z**2 + 2*z + 21*z**2 + 15*z**k. Is m(-3) composite?
False
Let m(p) = 31*p**2 + 19*p + 101. Is m(-26) a prime number?
True
Suppose 7 + 17 = 8*v. Suppose 59 = b + o + 4*o, -v*b 